77 composite?
True
Is 2558066761 a prime number?
False
Is 2169523511 composite?
False
Is 224880919 prime?
False
Is 1016954843 composite?
False
Is 1059464543 composite?
True
Is 7250082097 a prime number?
False
Is 53729371493 a composite number?
True
Is 99558867517 a prime number?
True
Is 85324829 composite?
False
Is 6485944423 a composite number?
True
Is 1572834547 composite?
True
Is 40124463727 a prime number?
False
Is 10414349633 a prime number?
False
Is 1084969097 a prime number?
False
Is 50305706207 a composite number?
True
Is 464320517 composite?
False
Is 4401572683 prime?
True
Is 51118299023 composite?
True
Is 128888059 a composite number?
True
Is 5266094791 composite?
False
Is 24443131121 a composite number?
True
Is 239218799 composite?
False
Is 983769307 a prime number?
True
Is 1143386377 composite?
True
Is 178234571351 composite?
False
Is 2316678181 a composite number?
True
Is 38348501479 composite?
True
Is 20471407115 a composite number?
True
Is 56280842341 a prime number?
True
Is 5375487863 a composite number?
True
Is 5522418779 a prime number?
True
Is 3666288799 a composite number?
True
Is 8925419023 a composite number?
True
Is 18726227581 prime?
False
Is 16702199687 composite?
True
Is 91926617677 prime?
False
Is 1204428139 a composite number?
True
Is 555193867 composite?
False
Is 7738826561 a composite number?
False
Is 59794433473 a composite number?
False
Is 443766289 prime?
True
Is 47698251233 a prime number?
True
Is 94069315481 a prime number?
False
Is 284375533 composite?
True
Is 60559637093 composite?
True
Is 317713247 composite?
False
Is 1286862667 prime?
False
Is 36223462739 composite?
False
Is 1024059709 composite?
False
Is 1425121463 a prime number?
True
Is 2622351713 prime?
False
Is 13044993947 prime?
True
Is 19240294081 prime?
True
Is 1741360583 composite?
True
Is 6538781351 a composite number?
True
Is 3724304737 a composite number?
True
Is 2434547 composite?
True
Is 1949796001 a prime number?
True
Is 1406262857 a composite number?
True
Is 2421747037 a prime number?
True
Is 60580979313 a composite number?
True
Is 23382175987 a prime number?
True
Is 3482257483 prime?
False
Is 191104253 composite?
True
Is 454545593 a composite number?
False
Is 1939779319 prime?
True
Is 2463791194 a prime number?
False
Is 1888657649 a composite number?
True
Is 10569188697 a composite number?
True
Is 24481741729 a prime number?
True
Is 215720610181 a composite number?
False
Is 75898816771 a composite number?
False
Is 6757882613 prime?
False
Is 14214289 composite?
False
Is 12679381667 a prime number?
False
Is 145451531 a composite number?
False
Is 25199243309 a composite number?
False
Is 6676453361 a prime number?
True
Is 14034873761 a composite number?
False
Is 282663379 a prime number?
False
Is 3789370237 composite?
False
Is 1497247463 a prime number?
False
Is 201460486679 composite?
False
Is 760897535 composite?
True
Is 37179749503 a composite number?
True
Is 5850546919 prime?
False
Is 1315571083 a composite number?
False
Is 22500720499 composite?
False
Is 337414533 a composite number?
True
Is 3691978037 a composite number?
True
Is 2884649533 a prime number?
False
Is 825541571 a composite number?
False
Is 1074914231 a prime number?
False
Is 5599270921 a composite number?
False
Is 411435413 prime?
False
Is 1456607967 a composite number?
True
Is 24694291 prime?
True
Is 319159097 a composite number?
False
Is 1084164877 prime?
False
Is 16332736166 composite?
True
Is 2410646701 a composite number?
True
Is 718091063 a prime number?
True
Is 142374587 a prime number?
True
Is 24085183 composite?
False
Is 1304058941 a composite number?
True
Is 894252731 composite?
True
Is 2546705771 composite?
True
Is 3011623 composite?
True
Is 9262268111 prime?
True
Is 24069734621 composite?
True
Is 45641831129 a composite number?
False
Is 562728053 composite?
False
Is 17857774619 a composite number?
False
Is 20345762971 composite?
True
Is 20691740383 prime?
False
Is 557838469 composite?
True
Is 876834691 composite?
True
Is 10023386663 composite?
True
Is 2794204991 a composite number?
True
Is 16462940761 a prime number?
False
Is 18594406011 prime?
False
Is 714030253 a prime number?
True
Is 2946162833 a prime number?
True
Is 764270779 composite?
True
Is 5260977367 prime?
True
Is 5401047511 a composite number?
False
Is 4707504559 a composite number?
True
Is 1951027439 prime?
False
Is 37218886693 prime?
True
Is 1060094317 a prime number?
False
Is 30606614 a composite number?
True
Is 23844648983 a composite number?
False
Is 8265690931 a composite number?
False
Is 815798471 a prime number?
True
Is 801878569 composite?
False
Is 6131357389 a composite number?
False
Is 20752677623 prime?
False
Is 13881512089 a prime number?
True
Is 385691771 a composite number?
False
Is 7940928881 a composite number?
False
Is 2164187833 composite?
False
Is 36932097043 composite?
True
Is 13684043099 composite?
True
Is 10423561639 composite?
False
Is 5488275263 a composite number?
False
Is 264684167 a prime number?
False
Is 631050187 a prime number?
False
Is 1758527711 composite?
False
Is 24215176463 a prime number?
True
Is 1056578389 prime?
False
Is 9478625837 a composite number?
True
Is 103504788173 a prime number?
True
Is 1264030811 a composite number?
True
Is 103023779 prime?
False
Is 11233521151 a composite number?
False
Is 3569134505 a prime number?
False
Is 82436723077 prime?
False
Is 34049752409 a prime number?
True
Is 2687398427 prime?
False
Is 1485622603 a prime number?
False
Is 451629281 a prime number?
False
Is 23322100859 a prime number?
True
Is 172513843 prime?
False
Is 11616278699 composite?
False
Is 406741061 a composite number?
False
Is 5399566021 composite?
False
Is 4772358641 a composite number?
False
Is 166126914677 prime?
True
Is 157638214193 composite?
True
Is 81514785823 prime?
True
Is 11808449 prime?
True
Is 165555974 a composite number?
True
Is 8570631661 a composite number?
False
Is 4998624157 composite?
False
Is 8171814577 a composite number?
False
Is 465219203 composite?
False
Is 139462079 prime?
True
Is 673479911 composite?
True
Is 155371703 a composite number?
False
Is 1938842597 a prime number?
True
Is 171893675281 a prime number?
False
Is 496260767 prime?
True
Is 9608430443 a composite number?
False
Is 72807254893 a prime number?
True
Is 4372548743 prime?
True
Is 142697882681 prime?
False
Is 2668080341 composite?
True
Is 1870467223 a composite number?
False
Is 9456558403 a prime number?
True
Is 16704980197 prime?
True
Is 3606031733 prime?
True
Is 39294530377 composite?
True
Is 1444301654 a composite number?
True
Is 8588141209 a prime number?
False
Is 42054577321 a composite number?
False
Is 6159918839 a prime number?
False
Is 12124974341 a composite number?
True
Is 1229218085 a composite number?
True
Is 220966897 a prime number?
False
Is 1167969031 a prime number?
False
Is 10784958967 prime?
False
Is 20122584257 prime?
True
Is 211618121327 a prime number?
True
Is 4706461847 a composite number?
False
Is 1545662029 prime?
True
Is 705774281 a composite number?
False
Is 7128790187 a prime number?
False
Is 5552037977 prime?
True
Is 6336584141 a prime number?
True
Is 464470701 composite?
True
Is 31312991987 a prime number?
False
Is 2440969049 a composite number?
True
Is 7681087027 composite?
False
Is 1624014559 composite?
False
Is 5610180997 a composite number?
True
Is 129405659 a composite number?
True
Is 4431301993 a prime number?
False
Is 202890773 a composite number?
True
Is 21279976639 composite?
True
Is 1225889867 prime?
True
Is 8947475917 a composite number?
False
Is 17271711137 a prime number?
False
Is 9761422511 composite?
False
Is 535241341 composite?
False
Is 9980612699 prime?
True
Is 443467093 a composite number?
False
Is 69204583 prime?
False
Is 323839911553 a prime number?
True
Is 1181216663 prime?
False
Is 1068393787 composite?
True
Is 144094910009 composite?
True
Is 38951251 prime?
True
Is 3477007571 prime?
True
Is 116144843 a prime number?
True
Is 967183963 a composite number?
False
Is 112314466997 prime?
True
Is 2097457679 a prime number?
False
Is 1145509867 composite?
True
Is 22209195865 a prime number?
False
Is 1563385027 a composite number?
False
Is 3761903699 a prime number?
True
Is 1358294639 a composite number?
True
Is 394419317 composit